
1
Suppose 0 = 5*g + 9 - 44. Let l be ((-108)/(-63))/(1/g). Suppose -l*k + 5*k = -1582. What is the units digit of k?
6
Let t = 124237 + -76701. What is the hundreds digit of t?
5
Let w(o) = 331*o - 1555. What is the units digit of w(5)?
0
Let i(f) = -f - 2. Let s(j) = 153*j - 151. Let w(r) = 5*i(r) - s(r). What is the tens digit of w(-6)?
8
Let q = -68839 - -135312. What is the hundreds digit of q?
4
Suppose -z - 41*z = -352691 - 742123. What is the units digit of z?
7
Let t(p) = 6 + 20 - 17*p - 13. Let w be t(13). What is the units digit of (-2 + w)*-4*(-2)/(-10)?
8
Let b = -190 + 397. Suppose 3*i - 3*l = -2*i + 989, -4*l + b = i. What is the units digit of i?
9
Suppose k = 39 - 38. Let x be 6 + (-5 - -6)*(1 - k). Suppose -m = h - 133, -4*h - x*m + 532 = -m. What is the units digit of h?
3
Suppose -2*d - h = 18 + 6, 0 = -3*d - 2*h - 35. Suppose 6*q - 649 = 65. Let v = d + q. What is the hundreds digit of v?
1
Let z be (4 - -2) + -3 + 2. Suppose -5*n + 679 = -3*v + 4*v, 0 = z*n - 3*v - 663. Suppose n = 5*y + m - 97, 4*m = -5*y + 223. What is the tens digit of y?
4
Suppose 43*i = -q + 40*i + 14876, 5*q - 2*i = 74397. What is the thousands digit of q?
4
Let f(o) = 6*o**2 - 10*o + 13. Let h(w) = 4*w - 37. Let p be h(11). Let u = 13 - p. What is the hundreds digit of f(u)?
1
Let y = -320 - -322. Suppose -155 = -2*w + 5*a + 327, -y = -a. What is the units digit of w?
6
Suppose 0 = -6*d + 135 + 351. Suppose 3*f - d = -3*y, -3*f = f - 4*y - 148. What is the hundreds digit of (2 - f/12)*-246?
1
Let v be 3/(5*(-3)/(-12225)). Suppose 0 = -14*k + 299 + v. Suppose o = -a - 72 + 258, -o + a = -k. What is the units digit of o?
1
Let j be 16791*(-1)/(-6) + (-3)/2. Let k = -1982 + j. What is the hundreds digit of k?
8
Let u(b) = b**3 - 8*b**2 + 6*b + 10. Let z be u(7). Suppose -9*s - x - 1501 = -13*s, z = -3*x. What is the hundreds digit of s?
3
Let o(b) = -10*b + 99. Suppose -46 = 4*w + 38. What is the units digit of o(w)?
9
What is the thousands digit of (-24)/1068 + 39544496/712?
5
Suppose 0*s = -2*x + 3*s + 11234, -5*s = -4*x + 22464. Suppose 5*c + 241 = x. What is the tens digit of c?
7
Suppose -j - f + 7 = 0, 15 + 7 = 4*j - 2*f. Let b(n) = 2*n**3 - 3031 + 7*n**2 + 3038 - 3*n**3. What is the tens digit of b(j)?
4
Suppose -4*k + 33 = -3. Suppose -k*w = 73 - 226. Let z(j) = j**3 - 15*j**2 - 26*j + 11. What is the hundreds digit of z(w)?
1
Suppose -10*s + 8*n = -11*s + 2225, 0 = -n - 5. What is the hundreds digit of s?
2
What is the thousands digit of 13 - 167/13 - (-190888)/26?
7
Let b = 80 - 142. Let g = 195 + b. What is the tens digit of g?
3
Let s(j) = -2*j**2 - 59*j - 15. What is the units digit of s(-24)?
9
Let f = -98 - -60. Let n = 42 + f. Suppose c - n - 10 = 0. What is the tens digit of c?
1
Let g(u) = 17*u - 43. Let d be g(3). What is the tens digit of 52/10 + d + 1/(-5)?
1
Let r = -249 - -251. Suppose -4*o - 8*x + 3067 = -9*x, -r*x - 758 = -o. What is the hundreds digit of o?
7
Suppose 17027 = -31*w - 3774. Let i = w - -1716. What is the hundreds digit of i?
0
Let y be (39 - 35)*10/8. Suppose -y*f - 3*t = -1332, 9*t - 4*t = -3*f + 812. What is the hundreds digit of f?
2
Let b = 9001 - -3482. What is the ten thousands digit of b?
1
Let r = -7965 - -10284. What is the thousands digit of r?
2
Suppose -2*a + d = 2625 - 11507, 17764 = 4*a + 3*d. What is the tens digit of a?
4
Suppose -7*c = 21*c - 891688. Suppose 0 = -28*v - 6506 + c. What is the units digit of v?
5
Let k(h) = 38*h + 5. Let v be k(-2). Let y = v - -290. Suppose -2*s + 73 = -y. What is the hundreds digit of s?
1
Let p = 900 - 897. Suppose p*f = v - 4*v + 5784, -5*f + 1932 = v. What is the thousands digit of v?
1
Let y = -1207 + 69. Let k = y + 1954. What is the units digit of k?
6
Suppose 0 = 86*t - 2329541 - 1365126 + 647171. What is the tens digit of t?
3
Let u(p) = 3*p**2 - p**2 + 1 + 10*p - 49*p**3 - p**2 + 5*p**2. What is the tens digit of u(-2)?
9
Let y(c) = -11*c - 50. Let r(m) = 4*m**2 - 2. Let o be r(1). Suppose 33 = -3*s - 0*s + 3*j, -o*s = 4*j + 4. What is the tens digit of y(s)?
3
Suppose -32 = -3*r + i, -6*i + i = -2*r + 4. Let z be r/(-3) - (-1320)/4. Suppose -4 = 2*k, 4*w = 8*w - 5*k - z. What is the tens digit of w?
7
Let i(n) = -166*n**2 + n - 7. Let l be i(2). Let y = l + 1018. Let p = -121 + y. What is the tens digit of p?
2
Suppose 135*i + 658287 = 198*i. What is the units digit of i?
9
Let q(v) = -4 + 2*v + 3 + 3 - 5. Let t be q(5). Suppose t*h + 3*h = 850. What is the tens digit of h?
8
Let x = -5677 + 31124. What is the ten thousands digit of x?
2
Let a(z) = -627*z - 115. What is the units digit of a(-11)?
2
Let h be (-4)/(-3) - (3029/(-3) - -1). Let t = h - 323. What is the tens digit of t?
8
Let f be (1 + -27)/(2/(-156)). What is the units digit of (88/(-3))/(13/(f/(-8)))?
2
Suppose -1396 - 1520 = -3*o. Let a = o - 581. What is the units digit of a?
1
Suppose -2*d - 7*d = -4*x - 201221, 5*x = -2*d + 44757. What is the hundreds digit of d?
3
Let t(z) be the first derivative of z**2/2 - 6*z + 16. Let c be t(10). Suppose -2*q = m - 58, -c*m + 5*q + 153 + 66 = 0. What is the units digit of m?
6
Let v(s) = 3*s - 1. Let f be v(1). Suppose -579 = -8*l + 157. Suppose 2*m - l + 344 = f*k, -5*k + 4*m = -635. What is the units digit of k?
1
Let h(t) = t**2 - 18*t + 45. Let o be h(17). Let l(a) = -a**3 + 31*a**2 - 58*a - 81. What is the tens digit of l(o)?
4
Let a(l) = 11*l**2 + 7*l - 57. What is the hundreds digit of a(30)?
0
Let l = -88724 + 142345. What is the hundreds digit of l?
6
Suppose u - 4*u + 21 = 0. Let n(m) = -60 + 4*m**3 + 2*m**2 + 65 - 3*m**2 - 5*m**2 + 6*m - 3*m**3. What is the units digit of n(u)?
6
Let l = 19 + 172. Let r = l + 564. Suppose -3*v + r = 2*v. What is the tens digit of v?
5
What is the ten thousands digit of 4/(-26) + 53274976/3302?
1
Let y(f) be the first derivative of f**3 + 31*f**2 + 57*f + 123. What is the hundreds digit of y(-25)?
3
Let v be ((-63)/6)/((-6)/8). What is the hundreds digit of 530 - 12/v*7?
5
Let k = 1787 + -1526. What is the hundreds digit of k?
2
Let q(f) = f**3 + 46*f**2 - 7*f + 60. What is the thousands digit of q(-15)?
7
Let x = 301 - 294. What is the units digit of 452*((-3)/12)/(x/(-28))?
2
What is the thousands digit of ((-142)/6)/((-121)/158994)?
1
Let s(q) = -44*q + 9. Let n be s(-2). Suppose -12*g + n = -59. Suppose -2*f = a - g, -a = -5*f - 4*a + 31. What is the units digit of f?
8
Suppose 71 + 19 = o - 3*x, 0 = -3*o + 3*x + 252. What is the units digit of o?
1
Suppose 282408 = 88*v - 23807 + 10887. What is the thousands digit of v?
3
Let j = 19739 - 13428. What is the thousands digit of j?
6
Let z be -19*((-27 - 0) + 3). Suppose 3*v = -2*y + 228, -v + z = 5*y - y. Suppose m = 4*w - 436, -w + y = 4*m - 3*m. What is the tens digit of w?
1
Let y(m) = -m - 13. Suppose -5*o = 3*j - 230, o = -3*j - 3*o + 232. Suppose -9*r + 5*r - j = 0. What is the units digit of y(r)?
7
Let a(z) = -z**2 + 5*z - 2. Let x be a(5). Suppose 2*u = -35*u + 111. What is the units digit of 184/x*6/(-72)*u?
3
Let v(y) = 121*y**2 + 110*y - 84. What is the units digit of v(11)?
7
What is the tens digit of (112/(-196))/((-2)/15946)?
5
Let b = -169 + 493. Let r = b - -134. What is the tens digit of r?
5
Let o(s) = 28*s - 4. Let b be o(-3). What is the hundreds digit of (-2 - b)*90/36?
2
Suppose 17*q = -48 + 14. What is the hundreds digit of 17057/148 + q/8?
1
Suppose 2*j - 6 = 0, -16*j + 20220 = o - 17*j. What is the units digit of o?
3
Suppose 3*u + k = -2*k + 12, 3*u + 2*k = 13. Suppose 24 = -2*w - 5*v + 2, u*w = -2*v - 34. What is the tens digit of (136/w)/(4/(-6))?
3
Let s be ((-196)/(-6))/7 - 4/6. Suppose -3*g + 256 = 4*k, k - 156 = -s*g + 181. Let c = g + -9. What is the units digit of c?
5
What is the tens digit of 1/(-3) + ((-20711131)/21)/(-31)?
1
Suppose y - 217 - 95 = 0. Suppose 4*x = 4*h + y, -5*x - 150 = -7*x - 4*h. What is the units digit of x?
7
Let l(p) = -767*p + 79738. What is the thousands digit of l(0)?
9
Let d(u) = u**2 + 6*u - 54. Suppose 92*f - 96*f + 128 = 0. Let q = f - 23. What is the tens digit of d(q)?
8
Let y(w) = -6*w**3 - 3*w**2 - 9*w + 23. Let b be y(6). What is the units digit of 4/(-6) + b/(-105)?
3
Suppose -4 - 48 = 3*b + 2*q, -2*b + q - 23 = 0. What is the units digit of b/(-3) - (-17)/51?
5
Let c(h) = 